39?
274
In base 9, what is 71163 + -1?
71162
In base 4, what is -112 + 22000110?
21333332
In base 8, what is 156 - -36?
214
In base 2, what is 100101101 - -10110100?
111100001
In base 4, what is 21213 + -13?
21200
In base 12, what is 2 + a40?
a42
In base 8, what is -144 + -3306?
-3452
In base 16, what is 1fe - -b3?
2b1
In base 14, what is -18a56 - -5?
-18a51
In base 14, what is 1ab50 + -2?
1ab4c
In base 16, what is -203 + -103c?
-123f
In base 9, what is 1777 + -1?
1776
In base 3, what is 2021202102 - -22?
2021202201
In base 8, what is -670427 + 3?
-670424
In base 8, what is 3 + -1015?
-1012
In base 14, what is -3 + 6743c?
67439
In base 14, what is -12b4c + -4?
-12b52
In base 16, what is 0 + 1d51?
1d51
In base 14, what is -15 - -1108?
10d3
In base 13, what is 549 - -a4?
620
In base 3, what is 10210 + -101022112?
-101011202
In base 3, what is 2 + -102000221?
-102000212
In base 12, what is 1 + -23a5?
-23a4
In base 13, what is 2 - 633a?
-6338
In base 4, what is 10013233312 + -3?
10013233303
In base 2, what is -11000111000111011010 - 101?
-11000111000111011111
In base 11, what is 0 + -a2841?
-a2841
In base 14, what is 308c - d?
307d
In base 13, what is 6 + 181c40?
181c46
In base 11, what is -118720 - 6?
-118726
In base 16, what is 85 + -3b?
4a
In base 4, what is 200 + -211201?
-211001
In base 11, what is 3 + 33338?
33340
In base 6, what is 3014344 - 1?
3014343
In base 4, what is -1 - -20103233?
20103232
In base 15, what is 19d07 - -29?
19d31
In base 8, what is -1277460 + -3?
-1277463
In base 11, what is -1 + 4606?
4605
In base 14, what is 23a - -5651?
588b
In base 3, what is -2 + -22200221?
-22201000
In base 15, what is 7c + 7?
84
In base 12, what is 29 - -34980?
349a9
In base 12, what is -595 - 11?
-5a6
In base 6, what is 15032 + 4?
15040
In base 5, what is -20132312 + 10?
-20132302
In base 16, what is a - 4dc?
-4d2
In base 2, what is 10110101011 - -1100111001?
100011100100
In base 9, what is 454 - 10532?
-10067
In base 7, what is -6 + 43054?
43045
In base 12, what is 4 + -a596?
-a592
In base 14, what is 5 - 1cd?
-1c8
In base 14, what is -2527aa + -1?
-2527ab
In base 13, what is cbc6 - 13?
cbb3
In base 6, what is -532 + 10530?
5554
In base 11, what is -1 - 17148?
-17149
In base 14, what is -1203 + 4?
-11dd
In base 2, what is 1000111110 + -1000?
1000110110
In base 10, what is -4758 - -55?
-4703
In base 2, what is 1010010011111101001 - 101?
1010010011111100100
In base 8, what is -62253 - 4?
-62257
In base 2, what is -1 - 11001010011011010?
-11001010011011011
In base 4, what is 2303 + -130133?
-121230
In base 12, what is 812b8 - a?
812aa
In base 8, what is 1367 - 676?
471
In base 14, what is -5 - 2a15?
-2a1a
In base 6, what is 445 + -4012?
-3123
In base 12, what is 597 + -174a?
-1173
In base 12, what is 75 + 49a?
553
In base 14, what is -1b74 - -33?
-1b41
In base 14, what is -1 - -24189d?
24189c
In base 10, what is -1685 + 90?
-1595
In base 11, what is 5678 + 5?
5682
In base 9, what is -4774 + -4?
-4778
In base 6, what is 2 - -155513?
155515
In base 2, what is -10100011 - -1100001111?
1001101100
In base 14, what is 16007a + 3?
16007d
In base 13, what is -594 + -2c5?
-889
In base 13, what is -1b6 + -38c?
-575
In base 2, what is -111101110100 - -110011?
-111101000001
In base 7, what is -214 - 216?
-433
In base 16, what is -3a - -134?
fa
In base 6, what is -45451 - 15?
-45510
In base 11, what is 4 - -3a663?
3a667
In base 8, what is -4107043 - 2?
-4107045
In base 13, what is -3 - -4754?
4751
In base 4, what is 1 - -322033310?
322033311
In base 16, what is af27e - 5?
af279
In base 13, what is -1 - a64?
-a65
In base 3, what is 101 + -111?
-10
In base 14, what is -ad - 991?
-a60
In base 11, what is 104 + -3099?
-2a95
In base 12, what is -18 + -b9b?
-bb7
In base 8, what is -21202 - 22?
-21224
In base 10, what is 1440994 - 0?
1440994
In base 12, what is 37 - -b95?
1010
In base 12, what is 6a - -13?
81
In base 8, what is -117 - 201?
-320
In base 11, what is 247 - -51?
298
In base 16, what is 3 - 161b78?
-161b75
In base 15, what is 3 + -16ab1?
-16aad
In base 5, what is -12 - 1030002?
-1030014
In base 10, what is -394 - -103?
-291
In base 13, what is 4458 - -103?
455b
In base 6, what is 44 - -44202?
44250
In base 14, what is -5 + -46211?
-46216
In base 6, what is -551243 + -11?
-551254
In base 8, what is -4575 + 6?
-4567
In base 16, what is 0 + -b8738?
-b8738
In base 12, what is -766b - 195?
-7844
In base 5, what is 113141 + -1020?
112121
In base 3, what is -202021101 + 121?
-202020210
In base 12, what is a + -24107?
-240b9
In base 8, what is 0 + 141311?
141311
In base 14, what is -9ad42 - -3?
-9ad3d
In base 15, what is -8dc9 - 2?
-8dcb
In base 7, what is -5 + -5313565?
-5313603
In base 7, what is 2003502 + 5?
2003510
In base 4, what is -122331 - -223?
-122102
In base 8, what is -2 - 10374?
-10376
In base 8, what is 10745 - -5?
10752
In base 7, what is -41 - 256644?
-260015
In base 10, what is -12 - 31029?
-31041
In base 7, what is -230635 + -2?
-230640
In base 11, what is 267 + 386?
642
In base 10, what is 8992 + -4?
8988
In base 3, what is -10 + -21110022011?
-21110022021
In base 14, what is 5 + -1b6?
-1b1
In base 8, what is 1 - -46273?
46274
In base 11, what is -471 + -785?
-1146
In base 8, what is -1347 + -24?
-1373
In base 7, what is 4 + -132035?
-132031
In base 16, what is 741 + 4b?
78c
In base 7, what is 64442 - 0?
64442
In base 14, what is 3 + -b551?
-b54c
In base 12, what is 1750 + 217?
1967
In base 5, what is 140042 + 32?
140124
In base 4, what is 331102 + 11101?
1002203
In base 10, what is 440 - 869?
-429
In base 5, what is 2243312 + -113?
2243144
In base 13, what is -5 - 95571?
-95576
In base 12, what is -7a - 7a0?
-85a
In base 7, what is -450456 - 0?
-450456
In base 10, what is -1465 + -22?
-1487
In base 9, what is 64 + -2822?
-2747
In base 10, what is 701083 - -3?
701086
In base 11, what is 684 - -48?
721
In base 4, what is 0 - 1332111?
-1332111
In base 10, what is -5 + -3372?
-3377
In base 4, what is 3012 + -33301?
-30223
In base 15, what is -7e - 4547?
-45c6
In base 2, what is 10010000111010 + 11011?
10010001010101
In base 15, what is -b3 + 41b?
358
In base 6, what is -1122355 - -3?
-1122352
In base 5, what is -14430 - 132?
-20112
In base 10, what is -1945 + -141?
-2086
In base 9, what is 68407 - 18?
68378
In base 7, what is 6 + -141236?
-141230
In base 14, what is 159d - 12?
158b
In base 5, what is 121120 + -224?
120341
In base 6, what is 2 + 32444?
32450
In base 10, what is -3 + 21906?
21903
In base 6, what is 0 + -255442?
-255442
In base 13, what is -338c - -3?
-3389
In base 5, what is 1214 - -313241?
320010
In base 14, what is -1053 + -c?
-1061
In base 11, what is 111845 - 6?
11183a
In base 13, what is -9 + -40c52?
-40c5b
In base 15, what is -225aa + 1?
-225a9
In base 7, what is -1 - 212100?
-212101
In base 11, what is -231 + 16?
-216
In base 11, what is -5 + -2219?
-2223
In base 3, what is -101 + -10121212102?
-10121212210
In base 5, what is 3 + -21130432?
-21130424
In base 10, what is 6675 + 4?
6679
In base 8, what is 2640 - 121?
2517
In base 2, what is -100110100 + 1100010100101?
1011101110001
In base 7, what is -244 - -130001?
126424
In base 3, what is 1 - 200120100?
-200120022
In base 8, what is 23 + 6557?
6602
In base 8, what is -32 - -51?
17
In base 5, what is -1212 + -233141?
-234403
In base 12, what is 565a37 - -3?
565a3a
In base 2, what is 10101 + -10000000011001?
-10000000000100
In base 9, what is 23243 + -4?
23238
In base 12, what is -893a4 + 2?
-893a2
In base 10, what is -6640 - -6?
-6634
In base 7, what is -12 - 13113?
-13125
In base 14, what is -18 - 1d34?
-1d4c
In base 11, what is 21 - -a985?
a9a6
In base 7, what is -5 + -254231?
-254236
In base 13, what is -25 + 13b9?
1394
In base 10, what is -899 + -376?
-1275
In base 7, what is 56 - 134126?
-134040
In base 8, what is -3760 - 144?
-4124
In base 15, what is 0 + -5d?
-5d
In base 5, what is 21412 - -23?
21440
In base 10, what is -18 - 41?
-59
In base 13, what is 629b - -7?
62a5
In base 4, what is 21230200 - -23?
21230223
In base 13, what is 36 + -3657?
-3621
In base 9, what is -30466 - 16?
-30483
In base 16, what is 1eecf + 2?
1eed1
In base 7, what is 64 - -24302?
24366
In base 10, what is 38 - 13203?
-13165
In base 16, what is d - 413b?
-412e
In base 10, what is 451 - -36